est common divisor of 1155 and 99249810.
165
Calculate the greatest common divisor of 125384714 and 14.
14
What is the highest common factor of 19761778 and 334?
334
Calculate the greatest common factor of 369752 and 1024.
8
What is the greatest common divisor of 11266 and 5332?
86
What is the highest common factor of 4585 and 13635?
5
Calculate the greatest common factor of 10 and 1040095.
5
What is the highest common divisor of 18039830 and 248?
62
Calculate the highest common divisor of 2526903 and 54.
27
What is the highest common divisor of 426475 and 10325?
175
Calculate the greatest common divisor of 159474 and 14014727.
3797
Calculate the greatest common divisor of 89604 and 1087300.
524
What is the highest common factor of 6292 and 1955096?
572
Calculate the greatest common divisor of 6 and 8541180.
6
Calculate the greatest common divisor of 144 and 10940976.
144
Calculate the greatest common divisor of 586 and 102857943.
293
Calculate the greatest common factor of 85 and 490747670.
85
Calculate the highest common divisor of 4499590 and 10.
10
Calculate the highest common factor of 18304 and 164112.
208
What is the highest common factor of 198470 and 527770?
890
What is the highest common factor of 52 and 1295816?
4
Calculate the greatest common factor of 527537 and 841643.
4027
Calculate the greatest common divisor of 10335 and 1487445.
795
What is the greatest common divisor of 72704 and 3787424?
2272
What is the highest common divisor of 3565191 and 221347?
2149
Calculate the highest common factor of 96468 and 54.
6
What is the highest common factor of 46688 and 9592?
8
Calculate the highest common factor of 1748016 and 752496.
2928
What is the highest common factor of 403730 and 3127380?
470
What is the highest common divisor of 196651 and 30303?
91
Calculate the greatest common divisor of 257298 and 6121838.
2318
Calculate the greatest common factor of 21481404 and 686.
686
Calculate the greatest common divisor of 206972 and 801692.
236
Calculate the highest common factor of 8132 and 16112.
76
Calculate the greatest common divisor of 917815 and 25.
5
What is the greatest common factor of 1023 and 7163976?
93
What is the greatest common factor of 53 and 662194243?
53
Calculate the greatest common factor of 97383 and 16345589.
2951
Calculate the greatest common factor of 116 and 246121144.
116
Calculate the highest common factor of 24705 and 3719475.
2745
Calculate the highest common divisor of 30934009 and 1388.
347
What is the greatest common divisor of 54110 and 971215?
35
Calculate the greatest common factor of 8478 and 115799118.
942
What is the highest common factor of 27195 and 1266615?
105
Calculate the highest common factor of 852324285 and 43.
43
What is the highest common factor of 6767 and 2067151?
67
What is the highest common divisor of 644 and 61614?
14
What is the greatest common factor of 29325 and 102005?
115
Calculate the highest common divisor of 67349394 and 6599.
6599
Calculate the highest common divisor of 84 and 377440266.
42
What is the highest common divisor of 336 and 40614?
42
What is the greatest common factor of 5696156 and 32283?
3587
What is the highest common divisor of 4864185 and 2177640?
11835
What is the greatest common factor of 701260 and 17260?
20
Calculate the highest common factor of 440 and 19957817.
11
What is the highest common factor of 220032 and 258?
6
Calculate the greatest common divisor of 218 and 644868743.
109
Calculate the highest common factor of 259442 and 1474910.
3554
What is the greatest common factor of 11151686 and 65?
13
Calculate the greatest common factor of 18885 and 58500.
15
What is the greatest common factor of 16 and 513493488?
16
What is the highest common divisor of 87625 and 324800?
25
Calculate the greatest common factor of 7971995 and 233480.
2245
What is the highest common factor of 113998 and 246?
2
Calculate the greatest common divisor of 8504 and 227089753.
1063
What is the highest common divisor of 10430952 and 406?
406
Calculate the highest common divisor of 836 and 35522894.
418
Calculate the greatest common divisor of 5180 and 7187620.
740
What is the greatest common factor of 1725 and 770850?
75
What is the greatest common divisor of 14251059 and 729?
81
Calculate the highest common factor of 220665453 and 359.
359
Calculate the highest common factor of 58608 and 72963297.
3663
Calculate the highest common divisor of 132139449 and 5538.
2769
What is the greatest common divisor of 2451303 and 89076?
1713
What is the highest common factor of 35354 and 455422?
22
Calculate the greatest common factor of 554 and 158774738.
554
Calculate the greatest common divisor of 2380 and 611301572.
476
What is the highest common divisor of 166907397 and 453?
453
What is the highest common divisor of 15318 and 1433680551?
7659
Calculate the greatest common divisor of 6401 and 5378135.
37
What is the greatest common divisor of 1411856 and 8?
8
Calculate the highest common divisor of 654683 and 8987.
19
Calculate the highest common divisor of 3021350 and 3100.
50
Calculate the greatest common divisor of 25298180 and 270.
10
What is the greatest common factor of 17487 and 1298243?
29
What is the highest common divisor of 251 and 16189249?
251
Calculate the greatest common divisor of 2266796 and 5166.
14
What is the highest common factor of 208801668 and 3732?
3732
What is the greatest common divisor of 44 and 674734412?
44
What is the highest common divisor of 1022008 and 103571?
403
What is the highest common divisor of 1825 and 22699715?
365
Calculate the greatest common factor of 1545 and 11622005.
515
What is the highest common factor of 13440174 and 6138?
2046
Calculate the highest common factor of 9546 and 34410000.
222
Calculate the highest common factor of 949923 and 37089.
117
Calculate the highest common factor of 2900 and 34735475.
725
Calculate the greatest common divisor of 35179 and 2495493.
277
What is the highest common factor of 1195898 and 158422?
418
What is the highest common factor of 404320 and 118342?
14
What is the greatest common factor of 3791 and 1151767?
17
What is the greatest common divisor of 11456 and 2082844?
716
Calculate the greatest common factor of 153533 and 1757.
1
What is the greatest common factor of 109675 and 87205?
535
Calculate the highest common divisor of 1886801 and 18.
1
What is the greatest common divisor of 3284786 and 4218?
74
Calculate the highest common divisor of 34151052 and 537.
537
Calculate the greatest common divisor of 70 and 35269780.
70
Calculate the greatest common divisor of 96168 and 9.
3
What is the highest common factor of 334 and 46529206?
334
What is the greatest common divisor of 58 and 887942126?
58
Calculate the greatest common divisor of 12108852 and 243.
81
Calculate the greatest common divisor of 1201371 and 405.
3
What is the greatest common divisor of 102280892 and 1204?
28
What is the greatest common factor of 24536694 and 1872?
78
What is the highest common divisor of 36905804 and 78780?
5252
Calculate the highest common divisor of 725306153 and 1443.
481
What is the greatest common divisor of 21447 and 2211424?
2383
Calculate the highest common divisor of 249 and 16476164.
83
What is the highest common factor of 26117 and 70060718?
3731
Calculate the highest common factor of 1681 and 90257933.
1681
What is the highest common divisor of 608097 and 10143?
483
What is the highest common factor of 95532354 and 45?
9
What is the greatest common divisor of 366168 and 76?
76
Calculate the highest common divisor of 27814320 and 873680.
13040
Calculate the greatest common divisor of 53983335 and 105.
105
What is the greatest common factor of 33 and 36955391?
11
What is the greatest common factor of 9259783 and 2717?
247
Calculate the highest common factor of 34113579 and 8538.
4269
What is the highest common divisor of 171 and 16085430?
9
What is the greatest common factor of 4611 and 1094199?
87
What is the greatest common factor of 235517 and 705?
47
What is the highest common divisor of 113977910 and 970?
970
Calculate the highest common divisor of 1063585 and 51985.
1405
Calculate the greatest common divisor of 10421726 and 42.
14
What is the highest common factor of 1544 and 20917340?
772
W